the greatest common factor of 222 and 86.
2
What is the highest common factor of 17 and 9673?
17
What is the highest common factor of 30 and 30?
30
Calculate the greatest common factor of 323 and 76.
19
What is the greatest common factor of 14944 and 96?
32
Calculate the greatest common factor of 1850 and 1369.
37
What is the greatest common divisor of 884 and 286?
26
Calculate the greatest common divisor of 3654 and 1008.
126
Calculate the highest common divisor of 538 and 21251.
269
What is the highest common divisor of 4 and 4?
4
What is the highest common divisor of 3212 and 396?
44
Calculate the greatest common factor of 368 and 656.
16
What is the greatest common factor of 105 and 30?
15
What is the greatest common factor of 39 and 16770?
39
Calculate the greatest common factor of 13 and 481.
13
Calculate the greatest common factor of 69 and 33833.
23
What is the greatest common factor of 224 and 23968?
224
What is the highest common divisor of 6352 and 16?
16
Calculate the highest common divisor of 13 and 2.
1
Calculate the highest common divisor of 43024 and 32.
16
What is the highest common divisor of 18 and 48?
6
Calculate the highest common factor of 15 and 435.
15
Calculate the highest common divisor of 34 and 578.
34
Calculate the greatest common factor of 495 and 110.
55
Calculate the highest common divisor of 74 and 50098.
74
Calculate the highest common divisor of 5850 and 675.
225
What is the greatest common divisor of 1071 and 2448?
153
Calculate the highest common divisor of 6 and 1536.
6
Calculate the highest common factor of 11 and 385.
11
Calculate the greatest common divisor of 1134 and 98.
14
Calculate the greatest common factor of 7528 and 16.
8
Calculate the highest common divisor of 675 and 81.
27
What is the greatest common divisor of 13593 and 69?
69
Calculate the greatest common factor of 564 and 1457.
47
Calculate the greatest common divisor of 1135 and 245.
5
Calculate the greatest common factor of 308 and 572.
44
What is the highest common divisor of 9737 and 1819?
107
What is the greatest common divisor of 2619 and 194?
97
What is the greatest common factor of 1216 and 19?
19
Calculate the highest common divisor of 24 and 324.
12
Calculate the greatest common divisor of 416 and 52.
52
What is the highest common factor of 528 and 99?
33
Calculate the greatest common factor of 60 and 285.
15
Calculate the highest common factor of 23360 and 480.
160
Calculate the greatest common divisor of 86 and 129.
43
Calculate the highest common factor of 49 and 2.
1
What is the highest common factor of 104 and 403?
13
Calculate the greatest common factor of 245 and 147.
49
What is the greatest common factor of 52 and 11089?
13
Calculate the greatest common factor of 69 and 621.
69
Calculate the highest common divisor of 2522 and 13.
13
Calculate the greatest common factor of 63 and 14.
7
Calculate the highest common factor of 618 and 6.
6
What is the highest common factor of 798 and 1729?
133
What is the greatest common divisor of 221 and 119?
17
Calculate the greatest common factor of 21 and 77.
7
Calculate the highest common divisor of 64 and 2368.
64
What is the highest common divisor of 140 and 300?
20
Calculate the greatest common factor of 36 and 44964.
36
What is the greatest common divisor of 170 and 442?
34
Calculate the greatest common divisor of 1112 and 16.
8
What is the highest common divisor of 243 and 9?
9
What is the greatest common factor of 14 and 357?
7
Calculate the greatest common factor of 1 and 47.
1
Calculate the greatest common divisor of 2055 and 15.
15
What is the highest common divisor of 2793 and 7791?
147
What is the highest common factor of 300 and 20?
20
What is the highest common factor of 5 and 49?
1
Calculate the highest common factor of 33 and 18.
3
Calculate the greatest common divisor of 105 and 455.
35
Calculate the greatest common divisor of 20 and 740.
20
Calculate the highest common divisor of 332 and 4067.
83
What is the greatest common factor of 5661 and 555?
111
Calculate the highest common divisor of 24 and 876.
12
Calculate the highest common factor of 24 and 6.
6
What is the greatest common factor of 82 and 6?
2
What is the greatest common divisor of 17760 and 111?
111
Calculate the highest common divisor of 56 and 23772.
28
Calculate the greatest common divisor of 284 and 639.
71
Calculate the highest common divisor of 200 and 16.
8
Calculate the highest common factor of 9108 and 207.
207
Calculate the greatest common factor of 342 and 950.
38
Calculate the greatest common factor of 78 and 42.
6
What is the highest common divisor of 2023 and 7?
7
What is the greatest common factor of 672 and 112?
112
What is the highest common divisor of 32 and 1472?
32
Calculate the highest common factor of 132 and 8256.
12
What is the highest common factor of 26 and 17498?
26
What is the highest common divisor of 93 and 17143?
31
What is the highest common divisor of 76 and 4?
4
What is the greatest common divisor of 177 and 18?
3
What is the highest common factor of 153 and 663?
51
Calculate the highest common divisor of 372 and 24.
12
What is the highest common divisor of 165 and 220?
55
Calculate the greatest common factor of 7807 and 74.
37
Calculate the highest common divisor of 70 and 2002.
14
Calculate the greatest common divisor of 126 and 294.
42
What is the greatest common factor of 112 and 280?
56
What is the highest common divisor of 54 and 1254?
6
What is the highest common factor of 231 and 264?
33
What is the highest common divisor of 70 and 945?
35
Calculate the highest common divisor of 364 and 24479.
91
What is the greatest common factor of 24 and 192?
24
What is the greatest common factor of 378 and 273?
21
What is the greatest common factor of 20 and 13210?
10
What is the highest common factor of 365 and 292?
73
Calculate the highest common divisor of 2 and 179.
1
Calculate the highest common divisor of 17 and 22049.
17
Calculate the greatest common factor of 657 and 3139.
73
Calculate the greatest common factor of 405 and 45.
45
Calculate the greatest common factor of 387 and 9.
9
Calculate the highest common factor of 164 and 124.
4
Calculate the highest common factor of 56 and 252.
28
Calculate the highest common factor of 161 and 14.
7
What is the highest common divisor of 145 and 5?
5
Calculate the greatest common divisor of 12 and 13548.
12
What is the greatest common factor of 14706 and 1368?
342
What is the highest common divisor of 1734 and 102?
102
Calculate the highest common factor of 20 and 45.
5
What is the greatest common factor of 54 and 63?
9
What is the highest common factor of 38 and 2318?
38
Calculate the highest common divisor of 477 and 54.
9
What is the highest common factor of 315 and 2016?
63
What is the greatest common divisor of 14195 and 85?
85
Calculate the greatest common divisor of 342 and 798.
114
Calculate the highest common divisor of 189 and 108.
27
What is the highest common factor of 84 and 63?
21
What is the highest common divisor of 6 and 7899?
3
Calculate the greatest common factor of 1976 and 1064.
152
Calculate the highest common factor of 13 and 2041.
13
What is the highest common divisor of 14210 and 2320?
290
What is the highest common factor of 742 and 42?
14
What is the highest common divisor of 65 and 182?
13
What is the highest common factor of 624 and 24?
24
Calculate the greatest common divisor of 6010 and 10.
10
Calculate the greatest common divisor of 102 and 3910.
34
What is the greatest common factor of 110 and 90?
10
Calculate the greatest common factor of 39 and 411.
3
Calculate the greatest common divisor of 80 and 10.
10
What is the highest common factor of 270 and 5?
5
Calculate the greatest common factor of 322 and 1748.
46
Calculate the greatest common factor of 340 and 136.
68
Calculate the highest common divisor of 49 and 133.
7
Calculate the highest common factor of 162 and 126.
18
What is the greatest common divisor of 26977 and 53?
53
What is the greatest common divisor of 26 and 351?
13
What is the highest common factor of 1462 and 170?
34
Calculate the greatest common divisor of 39 and 13.
13
What is the highest common factor of 130 and 650?
130
What is the greatest common factor of 35 and 42?
7
Cal